{"id":68,"date":"2017-03-15T21:29:52","date_gmt":"2017-03-15T21:29:52","guid":{"rendered":"http:\/\/34.138.3.201\/?page_id=68"},"modified":"2021-03-29T22:39:41","modified_gmt":"2021-03-29T22:39:41","slug":"p-o-n-d-e-r","status":"publish","type":"page","link":"https:\/\/www.mcsa.ca\/index.php\/p-o-n-d-e-r\/","title":{"rendered":"SNAP"},"content":{"rendered":"\n<div class=\"wp-block-media-text alignwide is-stacked-on-mobile\" style=\"grid-template-columns:36% auto\"><figure class=\"wp-block-media-text__media\"><img decoding=\"async\" loading=\"lazy\" width=\"1386\" height=\"1386\" src=\"http:\/\/mcsa.ca\/wp-content\/uploads\/2021\/03\/SNAP-logo.png\" alt=\"\" class=\"wp-image-1603\"\/><\/figure><div class=\"wp-block-media-text__content\">\n<p><\/p>\n\n\n\n<p>The SNAP (Screening of Neurobehavioral Abnormalities in the aging Population) project is a fresh twist to the old PONDER project. SNAP is aimed at using cognitive performance as a tool to screen for dementia at early stages. The project features a website that provides free online cognitive assessments and encompasses a comprehensive approach towards the study of variables associated with neurodegeneration in the older population.<\/p>\n\n\n\n<p>The website is currently available for participants! To play the free cognitive training games, click the button below:<\/p>\n\n\n\n<hr class=\"wp-block-separator\"\/>\n\n\n\n<p>SNAP (Screening of Neurobehavioral Abnormalities in the aging Population) est une nouvelle version de l&#8217;ancien projet PONDER. SNAP vise \u00e0 utiliser les performances cognitives comme outil de d\u00e9pistage de la d\u00e9mence \u00e0 un stade pr\u00e9coce. Le projet propose un site Web qui offre un entrainement cognitif gratuit en ligne et englobe une approche globale de l&#8217;\u00e9tude des variables associ\u00e9es \u00e0 la neurod\u00e9g\u00e9n\u00e9rescence chez les personnes \u00e2g\u00e9es.<\/p>\n\n\n\n<p>Le site Web est actuellement disponible pour les participants ! Pour jouer aux jeux d&#8217;entra\u00eenement cognitifs gratuits, cliquez le button suivant:<\/p>\n<\/div><\/div>\n\n\n<div\n\t\t\t\n\t\t\tclass=\"so-widget-sow-button so-widget-sow-button-atom-b77d55a1817f\"\n\t\t\t\n\t\t><div class=\"ow-button-base ow-button-align-center\">\n\t<a\n\thref=\"https:\/\/snap.research.mcgill.ca\/users\/login\"\n\t\tclass=\"ow-icon-placement-left ow-button-hover\" \t>\n\t\t<span>\n\t\t\t\n\t\t\tSNAP\t\t<\/span>\n\t<\/a>\n<\/div>\n<\/div>\n\n\n<div style=\"height:20px\" aria-hidden=\"true\" class=\"wp-block-spacer\"><\/div>\n\n\n\n<h2 class=\"wp-block-heading\">P.O.N.D.E.R<\/h2>\n\n\n\n<h2 class=\"has-text-color wp-block-heading\" style=\"color:#117593\">Prevention of age-related diseases in the 21<sup>st<\/sup> century<br>Pr\u00e9vention des maladies li\u00e9es au vieillissement au 21<sup>e<\/sup> si\u00e8cle<\/h2>\n\n\n\n<div class=\"wp-block-columns is-layout-flex wp-container-3 wp-block-columns-is-layout-flex\">\n<div class=\"wp-block-column is-layout-flow wp-block-column-is-layout-flow\">\n<h3 class=\"has-text-color wp-block-heading\" style=\"color:#2a96b6\">What is P.O.N.D.E.R.?<\/h3>\n\n\n\n<p>The P.O.N.D.E.R. project is an initiative aimed at preventing Neurodegenerative Diseases such as Dementia, Alzheimer&#8217;s and Parkinson&#8217;s.<\/p>\n\n\n\n<p class=\"has-text-color\" style=\"color:#01aec5\"><strong>The main objectives of P.O.N.D.E.R are to:<\/strong><\/p>\n\n\n\n<ul><li>Characterize what is now referred to as successful or healthy normal aging.<\/li><li>Identify factors that can prevent age-related memory problems.<\/li><li>Identify individuals at a higher risk of developing age-related diseases.<\/li><li>Use of cognitive training to prevent age-related memory problems.<\/li><\/ul>\n<\/div>\n\n\n\n<div class=\"wp-block-column is-layout-flow wp-block-column-is-layout-flow\">\n<h3 class=\"has-text-color wp-block-heading\" style=\"color:#2a96b6\">Qu&#8217;est-ce que P.O.N.D.E.R?<\/h3>\n\n\n\n<p>P.O.N.D.E.R est un project visant \u00e0 pr\u00e9venir les maladies neurod\u00e9g\u00e9n\u00e9ratives comme la d\u00e9mence, la maladie d&#8217;Alzheimer et la Parkinson.<\/p>\n\n\n\n<p class=\"has-text-color\" style=\"color:#01aec5\"><strong>Les principaux objectifs de P.O.N.D.E.R sont:<\/strong><\/p>\n\n\n\n<ul><li>Caract\u00e9riser ce qu&#8217;on appelle actuellement un vieillissement en bonne sant\u00e9.<\/li><li>Identifier les facteurs causant les maladies d\u00e9g\u00e9n\u00e9ratives li\u00e9es \u00e0 l&#8217;\u00e2ge.<\/li><li>Identifier les personnes \u00e0 risque de d\u00e9velopper une maladie d\u00e9g\u00e9n\u00e9rative li\u00e9e \u00e0 l&#8217;\u00e2ge.<\/li><li>Utiliser un entrainement cognitif pour pr\u00e9venir les maladies d\u00e9g\u00e9n\u00e9ratives li\u00e9es \u00e0 l&#8217;\u00e2ge.<\/li><\/ul>\n<\/div>\n<\/div>\n\n\n<p><img decoding=\"async\" loading=\"lazy\" class=\"alignnone  wp-image-1095\" src=\"http:\/\/aging.mcgill.ca\/wp-content\/uploads\/2020\/04\/aaaaaaaa-300x232.jpg\" alt=\"\" width=\"555\" height=\"429\" srcset=\"https:\/\/www.mcsa.ca\/wp-content\/uploads\/2020\/04\/aaaaaaaa-300x232.jpg 300w, https:\/\/www.mcsa.ca\/wp-content\/uploads\/2020\/04\/aaaaaaaa-768x594.jpg 768w, https:\/\/www.mcsa.ca\/wp-content\/uploads\/2020\/04\/aaaaaaaa-1024x792.jpg 1024w, https:\/\/www.mcsa.ca\/wp-content\/uploads\/2020\/04\/aaaaaaaa-194x150.jpg 194w, https:\/\/www.mcsa.ca\/wp-content\/uploads\/2020\/04\/aaaaaaaa-400x309.jpg 400w\" sizes=\"(max-width: 555px) 100vw, 555px\" \/><\/p>","protected":false},"excerpt":{"rendered":"<p>P.O.N.D.E.R Prevention of age-related diseases in the 21st centuryPr\u00e9vention des maladies li\u00e9es au vieillissement au 21e si\u00e8cle What is P.O.N.D.E.R.? The P.O.N.D.E.R. project is an initiative aimed at preventing Neurodegenerative Diseases such as Dementia, Alzheimer&#8217;s and Parkinson&#8217;s. The main objectives of P.O.N.D.E.R are to: Characterize what is now referred to as successful or healthy normal [&hellip;]<\/p>\n","protected":false},"author":6,"featured_media":0,"parent":0,"menu_order":0,"comment_status":"closed","ping_status":"closed","template":"","meta":{"footnotes":""},"_links":{"self":[{"href":"https:\/\/www.mcsa.ca\/index.php\/wp-json\/wp\/v2\/pages\/68"}],"collection":[{"href":"https:\/\/www.mcsa.ca\/index.php\/wp-json\/wp\/v2\/pages"}],"about":[{"href":"https:\/\/www.mcsa.ca\/index.php\/wp-json\/wp\/v2\/types\/page"}],"author":[{"embeddable":true,"href":"https:\/\/www.mcsa.ca\/index.php\/wp-json\/wp\/v2\/users\/6"}],"replies":[{"embeddable":true,"href":"https:\/\/www.mcsa.ca\/index.php\/wp-json\/wp\/v2\/comments?post=68"}],"version-history":[{"count":16,"href":"https:\/\/www.mcsa.ca\/index.php\/wp-json\/wp\/v2\/pages\/68\/revisions"}],"predecessor-version":[{"id":1685,"href":"https:\/\/www.mcsa.ca\/index.php\/wp-json\/wp\/v2\/pages\/68\/revisions\/1685"}],"wp:attachment":[{"href":"https:\/\/www.mcsa.ca\/index.php\/wp-json\/wp\/v2\/media?parent=68"}],"curies":[{"name":"wp","href":"https:\/\/api.w.org\/{rel}","templated":true}]}}